{"id":735,"date":"2015-06-12T11:08:23","date_gmt":"2015-06-12T09:08:23","guid":{"rendered":"https:\/\/hubert-hunting.plindex.php\/polowania-indywidualne\/?lang=de"},"modified":"2018-05-10T11:12:37","modified_gmt":"2018-05-10T09:12:37","slug":"polowania-indywidualne","status":"publish","type":"page","link":"https:\/\/hubert-hunting.pl\/index.php\/polowania-indywidualne\/?lang=de","title":{"rendered":"Einzeljagd"},"content":{"rendered":"<div id=\"pl-735\"  class=\"panel-layout\" ><div id=\"pg-735-0\"  class=\"panel-grid panel-has-style\" ><div style=\"padding: 100px 0; \" class=\"panel-row-style panel-row-style-for-735-0\" ><div id=\"pgc-735-0-0\"  class=\"panel-grid-cell panel-grid-cell-empty\" ><\/div><div id=\"pgc-735-0-1\"  class=\"panel-grid-cell\" ><div id=\"panel-735-0-1-0\" class=\"so-panel widget widget_black-studio-tinymce widget_black_studio_tinymce panel-first-child panel-last-child\" data-index=\"0\" ><div class=\"textwidget\"><h2 style=\"text-align: left;\"><\/h2>\n<h2 style=\"text-align: left;\">Einzeljagd<\/h2>\n<p>Bei der Einzeljagd bevorzugen wir morgens Pirsch und abends Ansitz. Den ausl\u00e4ndischen J\u00e4ger begleitet immer der polnische J\u00e4ger- der Jagdbegleiter, der sich im Revier sehr gut auskennt und auf das Wild hinweist. Wie empfehlen unseren Kunden mindestens 3 Tage Aufenthalt- 6 Revierg\u00e4nge im Fall der Jagd auf Rehb\u00f6cke und mindestens 4 Tage Aufenthalt- 8 Revierg\u00e4nge im Fall der Jagd auf Rot- und Damhirsche.<\/p>\n<h3>Einzeljagd auf Rehb\u00f6cke<\/h3>\n<p>Die Jagd beginnt am 11.Mai und dauert bis zum 30. September. Optimale Jagdzeit ist vom 11. Mai bis zum 16. September und in der Brunftzeit vom 25. Juli bis zum 05. August. Wir pirschen, jagen von der Kanzel und versuchen das Jagdwild anzulocken. Die Jagdkosten bestimmt die Preisliste.<\/p>\n<h3>Einzeljagd auf Rothirsche<\/h3>\n<p>Die Jagd beginnt am 21. August und dauert bis zum Ende Februar. Die Brunftzeit der Hirsche dauert vom 05. September bis zum 05. Oktober.<br \/>\nWir pirschen, jagen von der Kanzel und versuchen das Wild anzulocken.<\/p>\n<h3>Einzeljagd auf Damhirsche<\/h3>\n<p>Die Jagd beginnt am 01. September und dauert bis Ende Februar. Optimale Jagdzeit ist die Brunftzeit und dauert mindestens 4 Tage lang. Wir pirschen, jagen von der Kanzel und versuchen das Wild anzulocken.<\/p>\n<h3>Einzeljagd auf Wildschweine<\/h3>\n<p>Auf Wildschweine wird das ganze Jahr lang gejagt. Man pirscht oder jagd von der Kanzel.<br \/>\nOptimale Jagdzeit ist im Vollmond oder 4-5 Tage vor dem Vollmond.<\/p>\n<p><strong>Auf Wunsch des Kunden vel\u00e4ngern wir den Aufenthalt des J\u00e4gers.<\/strong><\/p>\n<h3>Einzeljagd auf Rotwild (Tiere, K\u00e4lber), Rehwild (Ricken, Kitzen) und die n\u00e4chtliche Jagd auf Schwarzwild (Keiler, Bachen, Frischlinge) und Raubtiere<\/h3>\n<p>Wir empfehlen Ihnen Einzeljagd auf Rotwild (Tiere, K\u00e4lber), Rehwild (Ricken, Kitzen) und die n\u00e4chtliche Jagd auf Schwarzwild (Keiler, Bachen, Frischlinge) und Raubtiere.<\/p>\n<p>Sowohl im Winter als auch im Sommer bieten wir Ihnen nicht nur Ansitzjagd, sondern auch Pirschjagd. Die Wahl geh\u00f6rt dem J\u00e4ger. Beide Formen sind empfehlenswert.<\/p>\n<p>Au\u00dfer der Jagd auf o.g. Tiere veranstalten wir auch die Jagd auf Wildv\u00f6gel d.h. Fasane, Wildg\u00e4nse, Wildenten. Die Jagd wird meistens als ein zus\u00e4tzlicher Tag gelegentlich der Jagd auf Hochwild organisiert. Es besteht aber auch die M\u00f6glichkeit eine extra Jagd auf Wildv\u00f6gel auf Ihren Wunsch<br \/>\nzu organisieren.<\/p>\n<p><strong>Das Angebot umfasst:<\/strong><\/p>\n<ul>\n<li>- Abgrenzung des Reviers,<\/li>\n<li>- Veranstaltung der Jagd,<\/li>\n<li>- Ein Jagdf\u00fchrer f\u00fcr jeden einzelnen J\u00e4ger,<\/li>\n<li>- Troph\u00e4enbewertung und Pr\u00e4paration,<\/li>\n<li>- Transport im Revier,<\/li>\n<li>- Unterkunft und Verpflegung.<\/li>\n<\/ul>\n<p>Sind Sie mit unseren Jagdbedingungen einverstanden, zahlen Sie einen Vorschuss auf unser Konto Hubert-Hunting Jagdreisen und schicken Sie uns die J\u00e4gerliste. Erst dann stellen wir den Voucher aus.<\/p>\n<p>Die Abrechnung der Jagd von den drei beteiligten Parteien (dem Vertreter des Jagdreviers, dem ausl\u00e4ndischen Kunden und dem Vertreter des Jagdreisen) folgt nach der aktuellen Preisliste und dem unterschriebenen Protokoll gem\u00e4\u00df.<\/p>\n<p>Mailen Sie mit uns, f\u00fcllen Sie unser Anmeldeformular auf unserer Webseite www.hubert-hunting.pl. aus oder telefonieren Sie mit uns, wenn Sie Interesse an unser Angebot haben. Wir stehen Ihnen zur Verf\u00fcgung und beantworten gerne Ihre Fragen.<\/p>\n<p>Unsere Preisliste ist das ganze Saison lang g\u00fcltig und gleich.<\/p>\n<p>Wir passen unser Angebot Ihren Bed\u00fcrfnissen und M\u00f6glichkeiten an. Eine reiche Basis der Jagdreviere, mit denen wir zusammenarbeiten, erm\u00f6glicht uns professionelle und unvergessliche Jagden vorzubereiten.<\/p>\n<p>Wir holen auch unsere G\u00e4ste nach Verabredung vom Flughafen in Polen ab.<\/p>\n<\/div><\/div><\/div><div id=\"pgc-735-0-2\"  class=\"panel-grid-cell panel-grid-cell-mobile-last\" ><div id=\"panel-735-0-2-0\" class=\"so-panel widget widget_black-studio-tinymce widget_black_studio_tinymce panel-first-child panel-last-child\" data-index=\"1\" ><div class=\"panel-widget-style panel-widget-style-for-735-0-2-0\" ><div class=\"textwidget\"><div style=\"margin-top: 50px;\">\n<p style=\"text-align: center;\"><img loading=\"lazy\" decoding=\"async\" class=\"wp-image-248 size-full alignleft\" src=\"https:\/\/hubert-hunting.pl\/wp-content\/uploads\/2015\/06\/hubert_03.png\" alt=\"hubert_03\" width=\"99\" height=\"99\" \/><\/p>\n<p style=\"text-align: left;\"><strong>ROTWILD<br \/>\n<\/strong><strong>Hirsch:<\/strong> vom 21. August bis zum Ende Februar<br \/>\n<strong>Tier:<\/strong> vom 1. September bis zum 15. Januar<br \/>\n<strong>Kalb:<\/strong> vom 1. September bis zum Ende Februar<\/p>\n<\/div>\n<div style=\"margin-top: 50px; text-align: left; clear: both;\">\n<p style=\"text-align: center;\"><img loading=\"lazy\" decoding=\"async\" class=\" wp-image-249 size-full alignleft\" src=\"https:\/\/hubert-hunting.pl\/wp-content\/uploads\/2015\/06\/hubert_05.png\" alt=\"hubert_05\" width=\"101\" height=\"99\" \/><\/p>\n<p style=\"text-align: left;\"><strong>DAMWILD<br \/>\n<\/strong><strong>Hirsch:<\/strong> vom 1. September bis zum Ende Februar<br \/>\n<strong>Tier:<\/strong> vom 1. September bis zum 15 Januar<br \/>\n<strong>Kalb:<\/strong> vom 1. September bis zum Ende Februar<\/p>\n<\/div>\n<div style=\"margin-top: 50px; text-align: left; clear: both;\">\n<p style=\"text-align: center;\"><img loading=\"lazy\" decoding=\"async\" class=\" wp-image-250 size-full alignleft\" src=\"https:\/\/hubert-hunting.pl\/wp-content\/uploads\/2015\/06\/hubert_07.png\" alt=\"hubert_07\" width=\"99\" height=\"99\" \/><\/p>\n<p style=\"text-align: left;\"><strong>REHWILD<br \/>\n<\/strong><strong>Bock:<\/strong> vom 11. Mai bis zum 30. September<br \/>\n<strong>Ricke, Kitz:<\/strong> vom 1. Oktober bis zum 15. Januar<\/p>\n<\/div>\n<div style=\"margin-top: 50px; text-align: left; clear: both;\">\n<p style=\"text-align: center;\"><img loading=\"lazy\" decoding=\"async\" class=\" wp-image-251 size-full alignleft\" src=\"https:\/\/hubert-hunting.pl\/wp-content\/uploads\/2015\/06\/hubert_12.png\" alt=\"hubert_12\" width=\"99\" height=\"100\" \/><\/p>\n<p style=\"text-align: left;\"><strong>SCHWARZWILD<br \/>\n<\/strong><strong>Bachen, Keiler, \u00dcberl\u00e4ufer, Frischlinge:<\/strong> das ganze Jahr lang<\/p>\n<\/div>\n<div style=\"margin-top: 50px; text-align: left; clear: both;\">\n<p style=\"text-align: center;\"><a href=\"https:\/\/hubert-hunting.pl\/wp-content\/uploads\/2015\/06\/hubert_13.png\" class=\"thickbox no_icon\"><img loading=\"lazy\" decoding=\"async\" class=\" size-full wp-image-252 alignleft\" src=\"https:\/\/hubert-hunting.pl\/wp-content\/uploads\/2015\/06\/hubert_13.png\" alt=\"hubert_13\" width=\"101\" height=\"100\" \/><\/a><\/p>\n<p style=\"text-align: left;\"><strong>DACHS<br \/>\n<\/strong>vom 01.September bis zum 30.November<\/p>\n<p style=\"text-align: left;\">\n<\/div>\n<div style=\"margin-top: 70px; text-align: left; clear: both;\"><img loading=\"lazy\" decoding=\"async\" class=\" wp-image-253 alignleft\" src=\"https:\/\/hubert-hunting.pl\/wp-content\/uploads\/2015\/06\/hubert_14.png\" alt=\"hubert_14\" width=\"98\" height=\"99\" \/><br \/>\n<strong>F\u00dcCHSE<br \/>\n<\/strong>vom 01. Juni bis zum 31. M\u00e4rz<\/div>\n<div style=\"margin-top: 50px; margin-bottom: 50px; text-align: left; clear: both;\">\n<p style=\"text-align: center;\"><img loading=\"lazy\" decoding=\"async\" class=\" wp-image-254 size-full alignleft\" src=\"https:\/\/hubert-hunting.pl\/wp-content\/uploads\/2015\/06\/hubert_18.png\" alt=\"hubert_18\" width=\"99\" height=\"99\" \/><\/p>\n<p style=\"text-align: left;\"><strong>MARDERHUND<br \/>\n<\/strong>das ganze Jahr lang<\/p>\n<p style=\"text-align: left;\">\n<\/div>\n<div style=\"margin-top: 70px; margin-bottom: 50px; text-align: left; clear: both;\">\n<p style=\"text-align: center;\"><img loading=\"lazy\" decoding=\"async\" class=\" wp-image-256 size-full alignleft\" src=\"https:\/\/hubert-hunting.pl\/wp-content\/uploads\/2015\/06\/hubert_21.png\" alt=\"hubert_21\" width=\"99\" height=\"99\" \/><\/p>\n<p style=\"text-align: left;\"><strong>WILDG\u00c4NSE<br \/>\n<\/strong>vom 15.August bis zum 21. Dezember<\/p>\n<\/div>\n<\/div><\/div><\/div><\/div><div id=\"pgc-735-0-3\"  class=\"panel-grid-cell panel-grid-cell-empty\" ><\/div><\/div><\/div><div id=\"pg-735-1\"  class=\"panel-grid panel-has-style\" ><div style=\"padding: 100px 0; \" class=\"panel-row-style panel-row-style-for-735-1\" ><div id=\"pgc-735-1-0\"  class=\"panel-grid-cell\" ><div id=\"panel-735-1-0-0\" class=\"so-panel widget widget_black-studio-tinymce widget_black_studio_tinymce panel-first-child panel-last-child\" data-index=\"2\" ><div class=\"panel-widget-style panel-widget-style-for-735-1-0-0\" ><div class=\"textwidget\"><h2 style=\"text-align: center;\"><span style=\"color: #ffffff;\">Es ist Jagdzeit<\/span><br \/>\n<span style=\"color: #ffffff;\">z\u00f6gere nicht<\/span><\/h2>\n<p style=\"text-align: center;\"><a class=\"roll-button button-slider\" href=\".\/index.php\/zamowienie-polowania\/?lang=de\">Komm mit<\/a><\/p>\n<p>&nbsp;<\/p>\n<\/div><\/div><\/div><\/div><\/div><\/div><\/div>","protected":false},"excerpt":{"rendered":"<p>Einzeljagd Bei der Einzeljagd bevorzugen wir morgens Pirsch und abends Ansitz. Den ausl\u00e4ndischen J\u00e4ger begleitet immer der polnische J\u00e4ger- der Jagdbegleiter, der sich im Revier sehr gut auskennt und auf das Wild hinweist. Wie empfehlen unseren Kunden mindestens 3 Tage Aufenthalt- 6 Revierg\u00e4nge im Fall der Jagd auf Rehb\u00f6cke und mindestens 4 Tage Aufenthalt- 8 [&hellip;]<\/p>\n","protected":false},"author":1,"featured_media":0,"parent":0,"menu_order":0,"comment_status":"closed","ping_status":"closed","template":"","meta":{"footnotes":""},"class_list":["post-735","page","type-page","status-publish","hentry"],"aioseo_notices":[],"_links":{"self":[{"href":"https:\/\/hubert-hunting.pl\/index.php\/wp-json\/wp\/v2\/pages\/735","targetHints":{"allow":["GET"]}}],"collection":[{"href":"https:\/\/hubert-hunting.pl\/index.php\/wp-json\/wp\/v2\/pages"}],"about":[{"href":"https:\/\/hubert-hunting.pl\/index.php\/wp-json\/wp\/v2\/types\/page"}],"author":[{"embeddable":true,"href":"https:\/\/hubert-hunting.pl\/index.php\/wp-json\/wp\/v2\/users\/1"}],"replies":[{"embeddable":true,"href":"https:\/\/hubert-hunting.pl\/index.php\/wp-json\/wp\/v2\/comments?post=735"}],"version-history":[{"count":47,"href":"https:\/\/hubert-hunting.pl\/index.php\/wp-json\/wp\/v2\/pages\/735\/revisions"}],"predecessor-version":[{"id":1379,"href":"https:\/\/hubert-hunting.pl\/index.php\/wp-json\/wp\/v2\/pages\/735\/revisions\/1379"}],"wp:attachment":[{"href":"https:\/\/hubert-hunting.pl\/index.php\/wp-json\/wp\/v2\/media?parent=735"}],"curies":[{"name":"wp","href":"https:\/\/api.w.org\/{rel}","templated":true}]}}