{"id":25,"date":"2015-06-04T11:29:46","date_gmt":"2015-06-04T09:29:46","guid":{"rendered":"https:\/\/hubert-hunting.pl?page_id=25"},"modified":"2018-05-10T10:58:48","modified_gmt":"2018-05-10T08:58:48","slug":"o-nas","status":"publish","type":"page","link":"https:\/\/hubert-hunting.pl\/index.php\/o-nas\/","title":{"rendered":"O nas"},"content":{"rendered":"<div id=\"pl-25\"  class=\"panel-layout\" ><div id=\"pg-25-0\"  class=\"panel-grid panel-has-style\" ><div style=\"padding: 100px 0; \" class=\"panel-row-style panel-row-style-for-25-0\" ><div id=\"pgc-25-0-0\"  class=\"panel-grid-cell panel-grid-cell-empty\" ><\/div><div id=\"pgc-25-0-1\"  class=\"panel-grid-cell panel-grid-cell-mobile-last\" ><div id=\"panel-25-0-1-0\" class=\"so-panel widget widget_black-studio-tinymce widget_black_studio_tinymce panel-first-child panel-last-child\" data-index=\"0\" ><div class=\"textwidget\"><div class=\"textp\">\n<h2>\u00a0<\/h2>\n<h2 style=\"text-align: center;\">O nas<\/h2>\n<\/div>\n<p style=\"text-align: center;\"><strong>Po\u0142\u0105czeni pasj\u0105 my\u015bliwsk\u0105,<br \/> tradycj\u0105 \u0142owiectwa oraz pi\u0119knem polskiej kniei,<br \/> postanowili\u015bmy realizowa\u0107 marzenia poprzez organizacj\u0119 pe\u0142nych emocji polowa\u0144,<br \/> spotka\u0144 i przyg\u00f3d my\u015bliwskich.<\/strong><\/p>\n<\/div><\/div><\/div><div id=\"pgc-25-0-2\"  class=\"panel-grid-cell panel-grid-cell-empty\" ><\/div><\/div><\/div><div id=\"pg-25-1\"  class=\"panel-grid panel-has-style\" ><div style=\"padding: 100px 0; \" class=\"panel-row-style panel-row-style-for-25-1\" ><div id=\"pgc-25-1-0\"  class=\"panel-grid-cell panel-grid-cell-empty\" ><\/div><div id=\"pgc-25-1-1\"  class=\"panel-grid-cell\" ><div id=\"panel-25-1-1-0\" class=\"so-panel widget widget_black-studio-tinymce widget_black_studio_tinymce panel-first-child panel-last-child\" data-index=\"1\" ><div class=\"panel-widget-style panel-widget-style-for-25-1-1-0\" ><div class=\"textwidget\"><p align=\"JUSTIFY\"><img loading=\"lazy\" decoding=\"async\" class=\"alignleft wp-image-296 size-full\" style=\"float-left;margin-bottom: 40px;\" src=\"https:\/\/hubert-hunting.pl\/wp-content\/uploads\/2015\/06\/hubert2_03.png\" alt=\"hubert(2)_03\" width=\"66\" height=\"66\" \/>Biuro Polowa\u0144 Hubert Hunting za\u0142o\u017cone zosta\u0142o z my\u015bl\u0105 o ludziach, dla kt\u00f3rych my\u015blistwo to nie tylko forma sp\u0119dzenia wolnego czasu, lecz przede wszystkim pasja. W\u0142a\u015bnie pasja oraz ch\u0119\u0107 organizacji ekscytuj\u0105cych polowa\u0144 przyczyni\u0142y si\u0119 do powstania biura.<\/p>\n<\/div><\/div><\/div><\/div><div id=\"pgc-25-1-2\"  class=\"panel-grid-cell panel-grid-cell-mobile-last\" ><div id=\"panel-25-1-2-0\" class=\"so-panel widget widget_black-studio-tinymce widget_black_studio_tinymce panel-first-child panel-last-child\" data-index=\"2\" ><div class=\"panel-widget-style panel-widget-style-for-25-1-2-0\" ><div class=\"textwidget\"><p align=\"JUSTIFY\"><img loading=\"lazy\" decoding=\"async\" class=\"alignleft wp-image-297 size-full\" style=\"float-left;margin-bottom: 40px;\" src=\"https:\/\/hubert-hunting.pl\/wp-content\/uploads\/2015\/06\/hubert2_06.png\" alt=\"hubert(2)_06\" width=\"66\" height=\"66\" \/>My\u015bliwi, kt\u00f3rzy preferuj\u0105 indywidualne polowania mog\u0105 wybra\u0107 si\u0119 na pe\u0142ne wra\u017ce\u0144 \u0142owy  na rogacze, byki jelenia, daniela oraz dziki. Tym, kt\u00f3rzy chc\u0105 zapolowa\u0107 w gronie przyjaci\u00f3\u0142, proponujemy pe\u0142ne emocji polowania zbiorowe.<\/p>\n<\/div><\/div><\/div><\/div><div id=\"pgc-25-1-3\"  class=\"panel-grid-cell panel-grid-cell-empty\" ><\/div><\/div><\/div><div id=\"pg-25-2\"  class=\"panel-grid panel-has-style\" ><div style=\"padding: 100px 0; \" class=\"panel-row-style panel-row-style-for-25-2\" ><div id=\"pgc-25-2-0\"  class=\"panel-grid-cell panel-grid-cell-empty\" ><\/div><div id=\"pgc-25-2-1\"  class=\"panel-grid-cell\" ><div id=\"panel-25-2-1-0\" class=\"so-panel widget widget_black-studio-tinymce widget_black_studio_tinymce panel-first-child panel-last-child\" data-index=\"3\" ><div class=\"panel-widget-style panel-widget-style-for-25-2-1-0\" ><div class=\"textwidget\"><p align=\"JUSTIFY\"><img loading=\"lazy\" decoding=\"async\" class=\"alignleft wp-image-298 size-full\" style=\"float-left;margin-bottom: 40px;\" src=\"https:\/\/hubert-hunting.pl\/wp-content\/uploads\/2015\/06\/hubert2_10.png\" alt=\"hubert(2)_10\" width=\"66\" height=\"66\" \/>Jako my\u015bliwi z wieloletnim do\u015bwiadczeniem przybli\u017camy naszym go\u015bciom istot\u0119 prawdziwego \u0142owiectwa oraz ukazujemy pi\u0119kno polskiej kniei i tradycji. Polecamy jedne z najlepszych polskich \u0142owisk. Jako\u015b\u0107 pozyskanych trofe\u00f3w z pewno\u015bci\u0105 zaspokoi Pa\u0144stwa oczekiwania.<\/p>\n<\/div><\/div><\/div><\/div><div id=\"pgc-25-2-2\"  class=\"panel-grid-cell panel-grid-cell-mobile-last\" ><div id=\"panel-25-2-2-0\" class=\"so-panel widget widget_black-studio-tinymce widget_black_studio_tinymce panel-first-child panel-last-child\" data-index=\"4\" ><div class=\"panel-widget-style panel-widget-style-for-25-2-2-0\" ><div class=\"textwidget\"><p align=\"JUSTIFY\"><img loading=\"lazy\" decoding=\"async\" class=\"alignleft wp-image-299 size-full\" style=\"float-left;margin-bottom: 40px;\" src=\"https:\/\/hubert-hunting.pl\/wp-content\/uploads\/2015\/06\/hubert2_12.png\" alt=\"hubert(2)_12\" width=\"66\" height=\"66\" \/>Uczciwo\u015b\u0107, kole\u017ce\u0144ska atmosfera oraz profesjonalne podej\u015bcie do \u0142owiectwa to tylko niekt\u00f3re atuty naszego biura. W swojej dzia\u0142alno\u015bci dok\u0142adamy wszelkich stara\u0144, aby wszyscy nasi go\u015bcie wyje\u017cd\u017cali z pi\u0119knymi trofeami i niezapomnianymi wra\u017ceniami z polowa\u0144.<\/p>\n<\/div><\/div><\/div><\/div><div id=\"pgc-25-2-3\"  class=\"panel-grid-cell panel-grid-cell-empty\" ><\/div><\/div><\/div><div id=\"pg-25-3\"  class=\"panel-grid panel-has-style\" ><div style=\"padding: 100px 0; \" class=\"panel-row-style panel-row-style-for-25-3\" ><div id=\"pgc-25-3-0\"  class=\"panel-grid-cell panel-grid-cell-empty\" ><\/div><div id=\"pgc-25-3-1\"  class=\"panel-grid-cell\" ><div id=\"panel-25-3-1-0\" class=\"so-panel widget widget_black-studio-tinymce widget_black_studio_tinymce panel-first-child panel-last-child\" data-index=\"5\" ><div class=\"panel-widget-style panel-widget-style-for-25-3-1-0\" ><div class=\"textwidget\"><p align=\"JUSTIFY\"><img loading=\"lazy\" decoding=\"async\" class=\"alignleft wp-image-300 size-full\" style=\"float-left;margin-bottom: 40px;\" src=\"https:\/\/hubert-hunting.pl\/wp-content\/uploads\/2015\/06\/hubert2_16.png\" alt=\"hubert(2)_16\" width=\"66\" height=\"66\" \/>Siedziba naszej rodzinnej firmy znajduje si\u0119 w otoczonym lasami Drawsku Pomorskim. Specjalizujemy si\u0119 w organizacji polowa\u0144 na zwierzyn\u0119 grub\u0105 w zachodniopomorskiej cze\u015bci kraju, kt\u00f3ra s\u0142ynie z najlepszych teren\u00f3w \u0142owieckich w Polsce. Zdobywanie medalowych trofe\u00f3w nie nale\u017cy tu do rzadko\u015bci.<\/p>\n<\/div><\/div><\/div><\/div><div id=\"pgc-25-3-2\"  class=\"panel-grid-cell panel-grid-cell-empty panel-grid-cell-mobile-last\" ><\/div><div id=\"pgc-25-3-3\"  class=\"panel-grid-cell panel-grid-cell-empty\" ><\/div><\/div><\/div><div id=\"pg-25-4\"  class=\"panel-grid panel-has-style\" ><div style=\"padding: 100px 0; \" class=\"panel-row-style panel-row-style-for-25-4\" ><div id=\"pgc-25-4-0\"  class=\"panel-grid-cell\" ><div id=\"panel-25-4-0-0\" class=\"so-panel widget widget_black-studio-tinymce widget_black_studio_tinymce panel-first-child panel-last-child\" data-index=\"6\" ><div class=\"textwidget\"><p align=\"JUSTIFY\"><a href=\"https:\/\/hubert-hunting.pl\/wp-content\/uploads\/2015\/06\/hubert2_17.png\" class=\"thickbox no_icon\"><img loading=\"lazy\" decoding=\"async\" class=\" size-full wp-image-307 aligncenter\" src=\"https:\/\/hubert-hunting.pl\/wp-content\/uploads\/2015\/06\/hubert2_17.png\" alt=\"hubert(2)_17\" width=\"1622\" height=\"443\" srcset=\"https:\/\/hubert-hunting.pl\/wp-content\/uploads\/2015\/06\/hubert2_17.png 1622w, https:\/\/hubert-hunting.pl\/wp-content\/uploads\/2015\/06\/hubert2_17-300x82.png 300w, https:\/\/hubert-hunting.pl\/wp-content\/uploads\/2015\/06\/hubert2_17-1024x280.png 1024w, https:\/\/hubert-hunting.pl\/wp-content\/uploads\/2015\/06\/hubert2_17-830x227.png 830w, https:\/\/hubert-hunting.pl\/wp-content\/uploads\/2015\/06\/hubert2_17-550x150.png 550w, https:\/\/hubert-hunting.pl\/wp-content\/uploads\/2015\/06\/hubert2_17-230x63.png 230w\" sizes=\"auto, (max-width: 1622px) 100vw, 1622px\" \/><\/a><\/p>\n<div id=\"mapg\" class=\"panel-widget-style\" style=\"background-repeat: repeat;\"><iframe loading=\"lazy\" style=\"border: 0;\" src=\"https:\/\/www.google.com\/maps\/embed?pb=!1m18!1m12!1m3!1d2371.3913744021315!2d15.795713899999997!3d53.53292580000001!2m3!1f0!2f0!3f0!3m2!1i1024!2i768!4f13.1!3m3!1m2!1s0x47011d10dcd14205%3A0xf564b5217170b627!2sZakopia%C5%84ska+40%2C+78-500+Drawsko+Pomorskie%2C+Polska!5e0!3m2!1spl!2sru!4v1434982881790\" width=\"1919\" height=\"412\" frameborder=\"0\"><\/iframe><\/div>\n<\/div><\/div><\/div><\/div><\/div><\/div>","protected":false},"excerpt":{"rendered":"<p>\u00a0O nasPo\u0142\u0105czeni pasj\u0105 my\u015bliwsk\u0105, tradycj\u0105 \u0142owiectwa oraz pi\u0119knem polskiej kniei, postanowili\u015bmy realizowa\u0107 marzenia poprzez organizacj\u0119 pe\u0142nych emocji polowa\u0144, spotka\u0144 i przyg\u00f3d my\u015bliwskich. Biuro Polowa\u0144 Hubert Hunting za\u0142o\u017cone zosta\u0142o z my\u015bl\u0105 o ludziach, dla kt\u00f3rych my\u015blistwo to nie tylko forma sp\u0119dzenia wolnego czasu, lecz przede wszystkim pasja. W\u0142a\u015bnie pasja oraz ch\u0119\u0107 organizacji ekscytuj\u0105cych polowa\u0144 przyczyni\u0142y si\u0119 [&hellip;]<\/p>\n","protected":false},"author":1,"featured_media":0,"parent":0,"menu_order":0,"comment_status":"open","ping_status":"open","template":"","meta":{"footnotes":""},"class_list":["post-25","page","type-page","status-publish","hentry"],"aioseo_notices":[],"_links":{"self":[{"href":"https:\/\/hubert-hunting.pl\/index.php\/wp-json\/wp\/v2\/pages\/25","targetHints":{"allow":["GET"]}}],"collection":[{"href":"https:\/\/hubert-hunting.pl\/index.php\/wp-json\/wp\/v2\/pages"}],"about":[{"href":"https:\/\/hubert-hunting.pl\/index.php\/wp-json\/wp\/v2\/types\/page"}],"author":[{"embeddable":true,"href":"https:\/\/hubert-hunting.pl\/index.php\/wp-json\/wp\/v2\/users\/1"}],"replies":[{"embeddable":true,"href":"https:\/\/hubert-hunting.pl\/index.php\/wp-json\/wp\/v2\/comments?post=25"}],"version-history":[{"count":91,"href":"https:\/\/hubert-hunting.pl\/index.php\/wp-json\/wp\/v2\/pages\/25\/revisions"}],"predecessor-version":[{"id":1353,"href":"https:\/\/hubert-hunting.pl\/index.php\/wp-json\/wp\/v2\/pages\/25\/revisions\/1353"}],"wp:attachment":[{"href":"https:\/\/hubert-hunting.pl\/index.php\/wp-json\/wp\/v2\/media?parent=25"}],"curies":[{"name":"wp","href":"https:\/\/api.w.org\/{rel}","templated":true}]}}