{"id":1423,"date":"2018-05-25T15:32:30","date_gmt":"2018-05-25T13:32:30","guid":{"rendered":"https:\/\/hubert-hunting.pl\/?page_id=1423"},"modified":"2018-05-25T15:35:02","modified_gmt":"2018-05-25T13:35:02","slug":"om-os","status":"publish","type":"page","link":"https:\/\/hubert-hunting.pl\/index.php\/om-os\/?lang=da","title":{"rendered":"Om os"},"content":{"rendered":"<div id=\"pl-1423\"  class=\"panel-layout\" ><div id=\"pg-1423-0\"  class=\"panel-grid panel-has-style\" ><div style=\"padding: 100px 0; \" class=\"panel-row-style panel-row-style-for-1423-0\" ><div id=\"pgc-1423-0-0\"  class=\"panel-grid-cell panel-grid-cell-empty\" ><\/div><div id=\"pgc-1423-0-1\"  class=\"panel-grid-cell panel-grid-cell-mobile-last\" ><div id=\"panel-1423-0-1-0\" class=\"so-panel widget widget_sow-editor panel-first-child panel-last-child\" data-index=\"0\" ><div\n\t\t\t\n\t\t\tclass=\"so-widget-sow-editor so-widget-sow-editor-base\"\n\t\t\t\n\t\t>\n<div class=\"siteorigin-widget-tinymce textwidget\">\n\t<div class=\"textp\">\n<h2><\/h2>\n<h2 style=\"text-align: center;\">Om os<\/h2>\n<\/div>\n<p style=\"text-align: center;\"><strong>Forbundet med lidenskab, jagtradition og sk\u00f8nheden af den polske natur og fauna,<br \/>\nhar vi besluttet os at g\u00f8re dr\u00f8mmene til virkelighed med at organiserer sp\u00e6ndende jagter, m\u00f8der og jagt eventyr.<\/strong><\/p>\n<\/div>\n<\/div><\/div><\/div><div id=\"pgc-1423-0-2\"  class=\"panel-grid-cell panel-grid-cell-empty\" ><\/div><\/div><\/div><div id=\"pg-1423-1\"  class=\"panel-grid panel-has-style\" ><div style=\"padding: 100px 0; \" class=\"panel-row-style panel-row-style-for-1423-1\" ><div id=\"pgc-1423-1-0\"  class=\"panel-grid-cell panel-grid-cell-empty\" ><\/div><div id=\"pgc-1423-1-1\"  class=\"panel-grid-cell\" ><div id=\"panel-1423-1-1-0\" class=\"so-panel widget widget_sow-editor panel-first-child panel-last-child\" data-index=\"1\" ><div class=\"panel-widget-style panel-widget-style-for-1423-1-1-0\" ><div\n\t\t\t\n\t\t\tclass=\"so-widget-sow-editor so-widget-sow-editor-base\"\n\t\t\t\n\t\t>\n<div class=\"siteorigin-widget-tinymce textwidget\">\n\t<p align=\"JUSTIFY\"><img loading=\"lazy\" decoding=\"async\" class=\"alignleft wp-image-296 size-full\" style=\"float-left;margin-bottom: 40px;\" src=\"https:\/\/hubert-hunting.pl\/wp-content\/uploads\/2015\/06\/hubert2_03.png\" alt=\"hubert(2)_03\" width=\"66\" height=\"66\" \/>Jagtbureauet Hubert-Hunting blev grundlagt med tanke om de mennesker, som tage jagten ikke bare som en form af at tilbringe fritiden, men frem for alt en lideskab. Det er lideskabet og \u00f8nsket af at organisere sp\u00e6ndende jagt har bidraget til skabelsen af bureauet.<\/p>\n<\/div>\n<\/div><\/div><\/div><\/div><div id=\"pgc-1423-1-2\"  class=\"panel-grid-cell panel-grid-cell-mobile-last\" ><div id=\"panel-1423-1-2-0\" class=\"so-panel widget widget_sow-editor panel-first-child panel-last-child\" data-index=\"2\" ><div class=\"panel-widget-style panel-widget-style-for-1423-1-2-0\" ><div\n\t\t\t\n\t\t\tclass=\"so-widget-sow-editor so-widget-sow-editor-base\"\n\t\t\t\n\t\t>\n<div class=\"siteorigin-widget-tinymce textwidget\">\n\t<p align=\"JUSTIFY\"><img loading=\"lazy\" decoding=\"async\" class=\"alignleft wp-image-297 size-full\" style=\"float-left;margin-bottom: 40px;\" src=\"https:\/\/hubert-hunting.pl\/wp-content\/uploads\/2015\/06\/hubert2_06.png\" alt=\"hubert(2)_06\" width=\"66\" height=\"66\" \/>J\u00e6gere, der foretr\u00e6kker individuelle jagt kan nyde sp\u00e6ndende jagt p\u00e5 r\u00e5dyr, kronvildt, d\u00e5vildt og vildsvin. Dem, der \u00f8nsker at g\u00e5 p\u00e5 jagt sammen med venner tilbydes sp\u00e6ndende driv jagt.<\/p>\n<\/div>\n<\/div><\/div><\/div><\/div><div id=\"pgc-1423-1-3\"  class=\"panel-grid-cell panel-grid-cell-empty\" ><\/div><\/div><\/div><div id=\"pg-1423-2\"  class=\"panel-grid panel-has-style\" ><div style=\"padding: 100px 0; \" class=\"panel-row-style panel-row-style-for-1423-2\" ><div id=\"pgc-1423-2-0\"  class=\"panel-grid-cell panel-grid-cell-empty\" ><\/div><div id=\"pgc-1423-2-1\"  class=\"panel-grid-cell\" ><div id=\"panel-1423-2-1-0\" class=\"so-panel widget widget_sow-editor panel-first-child panel-last-child\" data-index=\"3\" ><div class=\"panel-widget-style panel-widget-style-for-1423-2-1-0\" ><div\n\t\t\t\n\t\t\tclass=\"so-widget-sow-editor so-widget-sow-editor-base\"\n\t\t\t\n\t\t>\n<div class=\"siteorigin-widget-tinymce textwidget\">\n\t<p align=\"JUSTIFY\"><img loading=\"lazy\" decoding=\"async\" class=\"alignleft wp-image-298 size-full\" style=\"float-left;margin-bottom: 40px;\" src=\"https:\/\/hubert-hunting.pl\/wp-content\/uploads\/2015\/06\/hubert2_10.png\" alt=\"hubert(2)_10\" width=\"66\" height=\"66\" \/>Som j\u00e6gere med mange \u00e5rs erfaring bringer vi vores g\u00e6ster til den sande essens af jagt og vi viser sk\u00f8nheden af de polske skove og traditioner. Vi anbefaler nogle af de bedste polske jagtmarker. Kvaliteten af de fangede trof\u00e6er vil helt sikkert leve op til dine forventninger. Personer, der repr\u00e6senterer jagt kredse og virksomheder, der samarbejder med os er kendetegnet af en k\u00e6rlighed til vores jagtmarker.<\/p>\n<\/div>\n<\/div><\/div><\/div><\/div><div id=\"pgc-1423-2-2\"  class=\"panel-grid-cell panel-grid-cell-mobile-last\" ><div id=\"panel-1423-2-2-0\" class=\"so-panel widget widget_sow-editor panel-first-child panel-last-child\" data-index=\"4\" ><div class=\"panel-widget-style panel-widget-style-for-1423-2-2-0\" ><div\n\t\t\t\n\t\t\tclass=\"so-widget-sow-editor so-widget-sow-editor-base\"\n\t\t\t\n\t\t>\n<div class=\"siteorigin-widget-tinymce textwidget\">\n\t<p align=\"JUSTIFY\"><img loading=\"lazy\" decoding=\"async\" class=\"alignleft wp-image-299 size-full\" style=\"float-left;margin-bottom: 40px;\" src=\"https:\/\/hubert-hunting.pl\/wp-content\/uploads\/2015\/06\/hubert2_12.png\" alt=\"hubert(2)_12\" width=\"66\" height=\"66\" \/>\u00c6rlighed, venlig atmosf\u00e6re og professionel tilgang til jagt er blot nogle af fordelene af vores bureau. I  vores aktiviteter g\u00f8r vi alt for at sikre, at alle vores g\u00e6ster forlader os med smukke trof\u00e6er og oforglemmelige minder.<\/p>\n<\/div>\n<\/div><\/div><\/div><\/div><div id=\"pgc-1423-2-3\"  class=\"panel-grid-cell panel-grid-cell-empty\" ><\/div><\/div><\/div><div id=\"pg-1423-3\"  class=\"panel-grid panel-has-style\" ><div style=\"padding: 100px 0; \" class=\"panel-row-style panel-row-style-for-1423-3\" ><div id=\"pgc-1423-3-0\"  class=\"panel-grid-cell panel-grid-cell-empty\" ><\/div><div id=\"pgc-1423-3-1\"  class=\"panel-grid-cell\" ><div id=\"panel-1423-3-1-0\" class=\"so-panel widget widget_sow-editor panel-first-child panel-last-child\" data-index=\"5\" ><div class=\"panel-widget-style panel-widget-style-for-1423-3-1-0\" ><div\n\t\t\t\n\t\t\tclass=\"so-widget-sow-editor so-widget-sow-editor-base\"\n\t\t\t\n\t\t>\n<div class=\"siteorigin-widget-tinymce textwidget\">\n\t<p align=\"JUSTIFY\"><img loading=\"lazy\" decoding=\"async\" class=\"alignleft wp-image-300 size-full\" style=\"float-left;margin-bottom: 40px;\" src=\"https:\/\/hubert-hunting.pl\/wp-content\/uploads\/2015\/06\/hubert2_16.png\" alt=\"hubert(2)_16\" width=\"66\" height=\"66\" \/>Hovedkvarteret af vores familie forretning ligger i Drawsko Pomorskie omgivet af skove. Vi specialiserer os inden for storvildtjagt p\u00e5 de vestlige omr\u00e5der af lander, som er ber\u00f8mte for de bedste jagtmarker i Polen. Opn\u00e5else af medalje trof\u00e6er b\u00f8r ikke v\u00e6re sj\u00e6ldne her.<\/p>\n<\/div>\n<\/div><\/div><\/div><\/div><div id=\"pgc-1423-3-2\"  class=\"panel-grid-cell panel-grid-cell-empty panel-grid-cell-mobile-last\" ><\/div><div id=\"pgc-1423-3-3\"  class=\"panel-grid-cell panel-grid-cell-empty\" ><\/div><\/div><\/div><div id=\"pg-1423-4\"  class=\"panel-grid panel-has-style\" ><div style=\"padding: 100px 0; \" class=\"panel-row-style panel-row-style-for-1423-4\" ><div id=\"pgc-1423-4-0\"  class=\"panel-grid-cell\" ><div id=\"panel-1423-4-0-0\" class=\"so-panel widget widget_sow-editor panel-first-child panel-last-child\" data-index=\"6\" ><div\n\t\t\t\n\t\t\tclass=\"so-widget-sow-editor so-widget-sow-editor-base\"\n\t\t\t\n\t\t>\n<div class=\"siteorigin-widget-tinymce textwidget\">\n\t<p><iframe loading=\"lazy\" src=\"https:\/\/www.google.com\/maps\/embed?pb=!1m18!1m12!1m3!1d2371.3913744021315!2d15.795713899999997!3d53.53292580000001!2m3!1f0!2f0!3f0!3m2!1i1024!2i768!4f13.1!3m3!1m2!1s0x47011d10dcd14205%3A0xf564b5217170b627!2sZakopia%C5%84ska+40%2C+78-500+Drawsko+Pomorskie%2C+Polska!5e0!3m2!1spl!2sru!4v1434982881790\" style=\"border:0\" width=\"1919\" height=\"412\" frameborder=\"0\"><\/iframe><\/p>\n<\/div>\n<\/div><\/div><\/div><\/div><\/div><\/div>","protected":false},"excerpt":{"rendered":"<p>Om os Forbundet med lidenskab, jagtradition og sk\u00f8nheden af den polske natur og fauna, har vi besluttet os at g\u00f8re dr\u00f8mmene til virkelighed med at organiserer sp\u00e6ndende jagter, m\u00f8der og jagt eventyr. Jagtbureauet Hubert-Hunting blev grundlagt med tanke om de mennesker, som tage jagten ikke bare som en form af at tilbringe fritiden, men frem [&hellip;]<\/p>\n","protected":false},"author":1,"featured_media":0,"parent":0,"menu_order":0,"comment_status":"closed","ping_status":"closed","template":"","meta":{"footnotes":""},"class_list":["post-1423","page","type-page","status-publish","hentry"],"aioseo_notices":[],"_links":{"self":[{"href":"https:\/\/hubert-hunting.pl\/index.php\/wp-json\/wp\/v2\/pages\/1423","targetHints":{"allow":["GET"]}}],"collection":[{"href":"https:\/\/hubert-hunting.pl\/index.php\/wp-json\/wp\/v2\/pages"}],"about":[{"href":"https:\/\/hubert-hunting.pl\/index.php\/wp-json\/wp\/v2\/types\/page"}],"author":[{"embeddable":true,"href":"https:\/\/hubert-hunting.pl\/index.php\/wp-json\/wp\/v2\/users\/1"}],"replies":[{"embeddable":true,"href":"https:\/\/hubert-hunting.pl\/index.php\/wp-json\/wp\/v2\/comments?post=1423"}],"version-history":[{"count":7,"href":"https:\/\/hubert-hunting.pl\/index.php\/wp-json\/wp\/v2\/pages\/1423\/revisions"}],"predecessor-version":[{"id":1430,"href":"https:\/\/hubert-hunting.pl\/index.php\/wp-json\/wp\/v2\/pages\/1423\/revisions\/1430"}],"wp:attachment":[{"href":"https:\/\/hubert-hunting.pl\/index.php\/wp-json\/wp\/v2\/media?parent=1423"}],"curies":[{"name":"wp","href":"https:\/\/api.w.org\/{rel}","templated":true}]}}