{"id":1384,"date":"2018-05-22T07:18:48","date_gmt":"2018-05-22T05:18:48","guid":{"rendered":"https:\/\/hubert-hunting.pl\/?page_id=1384"},"modified":"2026-04-16T03:19:08","modified_gmt":"2026-04-16T01:19:08","slug":"strona-glowna","status":"publish","type":"page","link":"https:\/\/hubert-hunting.pl\/index.php\/strona-glowna\/?lang=da","title":{"rendered":"Forside"},"content":{"rendered":"<div id=\"pl-1384\"  class=\"panel-layout\" ><div id=\"pg-1384-0\"  class=\"panel-grid panel-has-style\" ><div style=\"padding: 100px 0; \" class=\"panel-row-style panel-row-style-for-1384-0\" ><div id=\"pgc-1384-0-0\"  class=\"panel-grid-cell panel-grid-cell-empty\" ><\/div><div id=\"pgc-1384-0-1\"  class=\"panel-grid-cell\" ><div id=\"panel-1384-0-1-0\" class=\"so-panel widget widget_sow-editor panel-first-child panel-last-child\" data-index=\"0\" ><div class=\"panel-widget-style panel-widget-style-for-1384-0-1-0\" ><div\n\t\t\t\n\t\t\tclass=\"so-widget-sow-editor so-widget-sow-editor-base\"\n\t\t\t\n\t\t>\n<div class=\"siteorigin-widget-tinymce textwidget\">\n\t<div class=\"mar\" style=\"margin-bottom: 70px; margin-top: 70px;\"><a href=\".\/index.php\/polowania-indywidualne\/?lang=da\/\"><img loading=\"lazy\" decoding=\"async\" class=\"aligncenter wp-image-106\" src=\"https:\/\/hubert-hunting.pl\/wp-content\/uploads\/2015\/06\/ico_indywidualne.png\" alt=\"\" width=\"90\" height=\"90\" \/><\/a><\/p>\n<h6 class=\"widget-title\" style=\"text-align: center;\"><a href=\".\/index.php\/polowania-indywidualne\/?lang=da\/\">Individuel jagt<\/a><\/h6>\n<p style=\"text-align: center;\"><span class=\"_5yl5\" data-reactid=\".aq.$mid=11436874050994=2606698b9df2b296118.2:0.0.0.0.0\"><span data-reactid=\".aq.$mid=11436874050994=2606698b9df2b296118.2:0.0.0.0.0.0\">Tilbud af jagt rettet til kr\u00e6vende jagter. Hvert aspekt af individuel jagt er tilpasset til dine behov. Ved at v\u00e6lge dette tilbud f\u00e5r du lige pr\u00e6cis det, som du forventer.<\/span><\/span><\/p>\n<\/div>\n<\/div>\n<\/div><\/div><\/div><\/div><div id=\"pgc-1384-0-2\"  class=\"panel-grid-cell\" ><div id=\"panel-1384-0-2-0\" class=\"so-panel widget widget_sow-editor panel-first-child panel-last-child\" data-index=\"1\" ><div class=\"panel-widget-style panel-widget-style-for-1384-0-2-0\" ><div\n\t\t\t\n\t\t\tclass=\"so-widget-sow-editor so-widget-sow-editor-base\"\n\t\t\t\n\t\t>\n<div class=\"siteorigin-widget-tinymce textwidget\">\n\t<div class=\"mar\" style=\"margin-bottom: 70px; margin-top: 70px;\"><a href=\".\/index.php\/polowania-zbiorowe\/?lang=da\/\"><img loading=\"lazy\" decoding=\"async\" class=\" wp-image-104 size-full aligncenter\" src=\"https:\/\/hubert-hunting.pl\/wp-content\/uploads\/2015\/06\/ico_zbiorowe.png\" alt=\"\" width=\"90\" height=\"90\" \/><\/a><\/p>\n<h6 class=\"widget-title\" style=\"text-align: center;\"><a href=\".\/index.php\/polowania-zbiorowe\/?lang=da\/\">Drivjagt<\/a><\/h6>\n<p style=\"text-align: center;\">Kan du lide at g\u00e5 p\u00e5 jagt sammen med andre? V\u00e6lg et gruppetilbud, hvor du kan nyde sp\u00e6ndende jagt sammen med dine venner. Der findes ikke noget bedre end en aften snak om det afsluttede jagt mens man sidder ved pejsen.<\/p>\n<p style=\"text-align: center;\"><span class=\"_5yl5\" data-reactid=\".aq.$mid=11436874050994=2606698b9df2b296118.2:0.0.0.0.0\"><span data-reactid=\".aq.$mid=11436874050994=2606698b9df2b296118.2:0.0.0.0.0.0\">\u00a0<\/span><\/span><\/p>\n<\/div>\n<\/div>\n<\/div><\/div><\/div><\/div><div id=\"pgc-1384-0-3\"  class=\"panel-grid-cell panel-grid-cell-mobile-last\" ><div id=\"panel-1384-0-3-0\" class=\"so-panel widget widget_sow-editor panel-first-child panel-last-child\" data-index=\"2\" ><div class=\"panel-widget-style panel-widget-style-for-1384-0-3-0\" ><div\n\t\t\t\n\t\t\tclass=\"so-widget-sow-editor so-widget-sow-editor-base\"\n\t\t\t\n\t\t>\n<div class=\"siteorigin-widget-tinymce textwidget\">\n\t<div class=\"mar\" style=\"margin-bottom: 70px; margin-top: 70px;\"><a href=\".\/index.php\/polowania-ryczaltowe\/?lang=da\"><img loading=\"lazy\" decoding=\"async\" class=\" wp-image-104 size-full aligncenter\" src=\"https:\/\/hubert-hunting.pl\/wp-content\/uploads\/2015\/06\/ico_ryczalt.png\" alt=\"\" width=\"90\" height=\"90\" \/><\/a><\/p>\n<h6 class=\"widget-title\" style=\"text-align: center;\"><a href=\".\/index.php\/polowania-ryczaltowe\/?lang=da\/\">Fast pris jagt<\/a><\/h6>\n<p style=\"text-align: center;\">Betal en gang og jag s\u00e5 meget som du vil i et bestemt periode. Du har det bedste jagtomr\u00e5der, de bedste vejledere og utrolige m\u00e6ngder af dyre.<\/p>\n<\/div>\n<\/div>\n<\/div><\/div><\/div><\/div><div id=\"pgc-1384-0-4\"  class=\"panel-grid-cell panel-grid-cell-empty\" ><\/div><\/div><\/div><div id=\"pg-1384-1\"  class=\"panel-grid panel-has-style\" ><div style=\"padding: 100px 0; \" class=\"panel-row-style panel-row-style-for-1384-1\" ><div id=\"pgc-1384-1-0\"  class=\"panel-grid-cell\" ><div id=\"panel-1384-1-0-0\" class=\"so-panel widget widget_sow-editor panel-first-child panel-last-child\" data-index=\"3\" ><div class=\"panel-widget-style panel-widget-style-for-1384-1-0-0\" ><div\n\t\t\t\n\t\t\tclass=\"so-widget-sow-editor so-widget-sow-editor-base\"\n\t\t\t\n\t\t>\n<div class=\"siteorigin-widget-tinymce textwidget\">\n\t<h2 style=\"text-align: center;\"><span style=\"color: #ffffff;\">Tid til at jage. Vent ikke.<\/span><\/h2>\n<p style=\"text-align: center;\"><a class=\"roll-button button-slider\" href=\".\/index.php\/zamowienie-polowania\/?lang=de\/\">Deltag<\/a><\/p>\n<p>&nbsp;<\/p>\n<\/div>\n<\/div><\/div><\/div><\/div><\/div><\/div><div id=\"pg-1384-2\"  class=\"panel-grid panel-has-style\" ><div style=\"padding: 100px 0; \" class=\"panel-row-style panel-row-style-for-1384-2\" ><div id=\"pgc-1384-2-0\"  class=\"panel-grid-cell panel-grid-cell-empty\" ><\/div><div id=\"pgc-1384-2-1\"  class=\"panel-grid-cell\" ><div id=\"panel-1384-2-1-0\" class=\"so-panel widget widget_sow-editor panel-first-child panel-last-child\" data-index=\"4\" ><div class=\"panel-widget-style panel-widget-style-for-1384-2-1-0\" ><div\n\t\t\t\n\t\t\tclass=\"so-widget-sow-editor so-widget-sow-editor-base\"\n\t\t\t\n\t\t><h3 class=\"widget-title\">Om os<\/h3>\n<div class=\"siteorigin-widget-tinymce textwidget\">\n\t<div class=\"text\" style=\"text-align: center;\">Jagtbureauet Hubert-Hunting blev grundlagt med tanke om de mennesker, som  tager jagten ikke bare som en form af at tilbringe fritiden, men frem for alt en lideskab. Det er lideskabet og \u00f8nsket af at organisere sp\u00e6ndende jagt har bidraget til skabelsen af bureauet.<\/div>\n<div class=\"text\" style=\"margin-top: 50px; text-align: left;\"><\/div>\n<p style=\"text-align: center;\"><a class=\"roll-button button-slider\" href=\"https:\/\/hubert-hunting.pl\/index.php\/o-nas\/?lang=da\">L\u00e6r mere<\/a><\/p>\n<\/div>\n<\/div><\/div><\/div><\/div><div id=\"pgc-1384-2-2\"  class=\"panel-grid-cell panel-grid-cell-mobile-last\" ><div id=\"panel-1384-2-2-0\" class=\"so-panel widget widget_sow-editor panel-first-child panel-last-child\" data-index=\"5\" ><div class=\"panel-widget-style panel-widget-style-for-1384-2-2-0\" ><div\n\t\t\t\n\t\t\tclass=\"so-widget-sow-editor so-widget-sow-editor-base\"\n\t\t\t\n\t\t>\n<div class=\"siteorigin-widget-tinymce textwidget\">\n\t<p><a href=\"https:\/\/hubert-hunting.pl\/wp-content\/uploads\/2015\/06\/bron.jpg\" class=\"thickbox no_icon\"><img loading=\"lazy\" decoding=\"async\" class=\"alignnone size-full wp-image-592\" src=\"https:\/\/hubert-hunting.pl\/wp-content\/uploads\/2015\/06\/bron.jpg\" alt=\"bron\" width=\"545\" height=\"326\" srcset=\"https:\/\/hubert-hunting.pl\/wp-content\/uploads\/2015\/06\/bron.jpg 545w, https:\/\/hubert-hunting.pl\/wp-content\/uploads\/2015\/06\/bron-300x179.jpg 300w, https:\/\/hubert-hunting.pl\/wp-content\/uploads\/2015\/06\/bron-230x138.jpg 230w\" sizes=\"auto, (max-width: 545px) 100vw, 545px\" \/><\/a><\/p>\n<\/div>\n<\/div><\/div><\/div><\/div><div id=\"pgc-1384-2-3\"  class=\"panel-grid-cell panel-grid-cell-empty\" ><\/div><\/div><\/div><\/div>","protected":false},"excerpt":{"rendered":"<p>Individuel jagt Tilbud af jagt rettet til kr\u00e6vende jagter. Hvert aspekt af individuel jagt er tilpasset til dine behov. Ved at v\u00e6lge dette tilbud f\u00e5r du lige pr\u00e6cis det, som du forventer. Drivjagt Kan du lide at g\u00e5 p\u00e5 jagt sammen med andre? V\u00e6lg et gruppetilbud, hvor du kan nyde sp\u00e6ndende jagt sammen med dine [&hellip;]<\/p>\n","protected":false},"author":1,"featured_media":0,"parent":0,"menu_order":0,"comment_status":"closed","ping_status":"closed","template":"","meta":{"footnotes":""},"class_list":["post-1384","page","type-page","status-publish","hentry"],"aioseo_notices":[],"_links":{"self":[{"href":"https:\/\/hubert-hunting.pl\/index.php\/wp-json\/wp\/v2\/pages\/1384","targetHints":{"allow":["GET"]}}],"collection":[{"href":"https:\/\/hubert-hunting.pl\/index.php\/wp-json\/wp\/v2\/pages"}],"about":[{"href":"https:\/\/hubert-hunting.pl\/index.php\/wp-json\/wp\/v2\/types\/page"}],"author":[{"embeddable":true,"href":"https:\/\/hubert-hunting.pl\/index.php\/wp-json\/wp\/v2\/users\/1"}],"replies":[{"embeddable":true,"href":"https:\/\/hubert-hunting.pl\/index.php\/wp-json\/wp\/v2\/comments?post=1384"}],"version-history":[{"count":30,"href":"https:\/\/hubert-hunting.pl\/index.php\/wp-json\/wp\/v2\/pages\/1384\/revisions"}],"predecessor-version":[{"id":73439,"href":"https:\/\/hubert-hunting.pl\/index.php\/wp-json\/wp\/v2\/pages\/1384\/revisions\/73439"}],"wp:attachment":[{"href":"https:\/\/hubert-hunting.pl\/index.php\/wp-json\/wp\/v2\/media?parent=1384"}],"curies":[{"name":"wp","href":"https:\/\/api.w.org\/{rel}","templated":true}]}}